he remainder when 2069126 is divided by 2252.
1790
Calculate the remainder when 132788 is divided by 268.
128
Calculate the remainder when 1819563 is divided by 55.
53
What is the remainder when 262261 is divided by 671?
571
What is the remainder when 361387 is divided by 89929?
1671
What is the remainder when 5967733 is divided by 2983856?
21
Calculate the remainder when 125561 is divided by 125502.
59
What is the remainder when 478845 is divided by 28064?
1757
What is the remainder when 729760 is divided by 364877?
6
Calculate the remainder when 545200 is divided by 225.
25
Calculate the remainder when 1639884 is divided by 819884.
116
What is the remainder when 152437055 is divided by 50812350?
5
Calculate the remainder when 25868270 is divided by 25868253.
17
Calculate the remainder when 1623014 is divided by 324589.
69
Calculate the remainder when 3594617 is divided by 247.
26
Calculate the remainder when 23090 is divided by 19640.
3450
What is the remainder when 424007 is divided by 15496?
5615
What is the remainder when 1376 is divided by 1140?
236
What is the remainder when 89966 is divided by 119?
2
What is the remainder when 32796 is divided by 31764?
1032
Calculate the remainder when 3699 is divided by 1209.
72
What is the remainder when 43081658 is divided by 4622?
4618
What is the remainder when 281206 is divided by 2308?
1938
Calculate the remainder when 5529788 is divided by 80.
28
Calculate the remainder when 1605740 is divided by 321139.
45
What is the remainder when 112700 is divided by 33?
5
What is the remainder when 1159505 is divided by 264?
17
Calculate the remainder when 47387 is divided by 9272.
1027
Calculate the remainder when 91129 is divided by 1123.
166
Calculate the remainder when 129593039 is divided by 391.
390
What is the remainder when 431629 is divided by 685?
79
What is the remainder when 152455 is divided by 152434?
21
Calculate the remainder when 858800 is divided by 429315.
170
What is the remainder when 3676964 is divided by 147067?
289
What is the remainder when 242210 is divided by 48438?
20
What is the remainder when 79916388 is divided by 377?
305
What is the remainder when 727354 is divided by 12749?
661
What is the remainder when 10179534 is divided by 135727?
9
Calculate the remainder when 919246 is divided by 21869.
748
Calculate the remainder when 19143 is divided by 189.
54
Calculate the remainder when 11300 is divided by 3520.
740
What is the remainder when 7698628 is divided by 111573?
91
What is the remainder when 196136 is divided by 16283?
740
Calculate the remainder when 155990 is divided by 37598.
5598
What is the remainder when 193258942 is divided by 1491?
1486
What is the remainder when 384487078 is divided by 86?
84
What is the remainder when 7459652 is divided by 356?
28
What is the remainder when 9863 is divided by 9684?
179
What is the remainder when 207345 is divided by 279?
48
What is the remainder when 174066 is divided by 29001?
60
Calculate the remainder when 497888243 is divided by 7.
6
Calculate the remainder when 3992950 is divided by 1865.
1850
What is the remainder when 43883 is divided by 43879?
4
What is the remainder when 35813 is divided by 2740?
193
What is the remainder when 32751934 is divided by 1359?
34
What is the remainder when 3319306 is divided by 8489?
107
Calculate the remainder when 4766277 is divided by 15576.
21
Calculate the remainder when 84112 is divided by 460.
392
What is the remainder when 34420223 is divided by 2868351?
11
What is the remainder when 23705180 is divided by 80?
60
What is the remainder when 719565 is divided by 470?
465
What is the remainder when 3652382 is divided by 11067?
272
Calculate the remainder when 14790592 is divided by 17.
14
What is the remainder when 217728 is divided by 4083?
1329
What is the remainder when 25702452 is divided by 3777?
3744
Calculate the remainder when 224480 is divided by 227.
204
What is the remainder when 12895065 is divided by 3223760?
25
Calculate the remainder when 2854734 is divided by 317191.
15
What is the remainder when 14438 is divided by 6574?
1290
What is the remainder when 2286325 is divided by 12161?
57
What is the remainder when 1637206 is divided by 545735?
1
What is the remainder when 1588686 is divided by 158765?
1036
Calculate the remainder when 178145 is divided by 1220.
25
What is the remainder when 19178 is divided by 2121?
89
Calculate the remainder when 40801070 is divided by 522.
506
What is the remainder when 76601 is divided by 67?
20
Calculate the remainder when 6081628 is divided by 1319.
1038
What is the remainder when 13498405 is divided by 87?
7
Calculate the remainder when 205338 is divided by 67753.
2079
Calculate the remainder when 71533038 is divided by 11922172.
6
Calculate the remainder when 9847725 is divided by 349.
341
What is the remainder when 6878 is divided by 6873?
5
What is the remainder when 27559690 is divided by 1450507?
57
What is the remainder when 3673 is divided by 3277?
396
What is the remainder when 84049 is divided by 74953?
9096
Calculate the remainder when 156295 is divided by 5209.
25
Calculate the remainder when 9289693 is divided by 2308.
2301
What is the remainder when 4133094 is divided by 129159?
6
Calculate the remainder when 15188624 is divided by 26.
22
What is the remainder when 3286455 is divided by 42?
39
Calculate the remainder when 28432694 is divided by 7108134.
158
What is the remainder when 406899 is divided by 14?
3
Calculate the remainder when 91712 is divided by 30392.
536
What is the remainder when 691279 is divided by 3491?
61
What is the remainder when 333089947 is divided by 39?
34
What is the remainder when 6227431 is divided by 304?
295
What is the remainder when 2438994 is divided by 275?
19
Calculate the remainder when 140720259 is divided by 687.
675
What is the remainder when 3653306 is divided by 469?
265
Calculate the remainder when 968038 is divided by 161320.
118
What is the remainder when 3908020 is divided by 923?
38
Calculate the remainder when 220791 is divided by 24062.
4233
What is the remainder when 192040107 is divided by 48?
27
Calculate the remainder when 1265193 is divided by 994.
825
What is the remainder when 114637306 is divided by 388?
378
Calculate the remainder when 121007 is divided by 60393.
221
Calculate the remainder when 267130 is divided by 826.
332
Calculate the remainder when 24727079 is divided by 168.
167
What is the remainder when 96150 is divided by 2059?
1436
What is the remainder when 43473 is divided by 2806?
1383
What is the remainder when 16795394 is divided by 45?
44
Calculate the remainder when 104386 is divided by 774.
670
What is the remainder when 976588 is divided by 5?
3
Calculate the remainder when 19534506 is divided by 2044.
2042
Calculate the remainder when 1473539 is divided by 20.
19
What is the remainder when 7190971 is divided by 67?
62
Calculate the remainder when 837562 is divided by 418525.
512
What is the remainder when 16796478 is divided by 13?
10
Calculate the remainder when 379090 is divided by 180.
10
Calculate the remainder when 74704874 is divided by 34.
6
Calculate the remainder when 50974243 is divided by 1197.
1195
Calculate the remainder when 14778 is divided by 2843.
563
Calculate the remainder when 292001 is divided by 112.
17
Calculate the remainder when 8400473 is divided by 10282.
79
Calculate the remainder when 1777732280 is divided by 842.
840
Calculate the remainder when 68825 is divided by 4037.
196
Calculate the remainder when 9114799 is divided by 109.
1
What is the remainder when 11813387 is divided by 5027?
4964
What is the remainder when 1814478 is divided by 5500?
4978
What is the remainder when 22236494 is divided by 1289?
1244
What is the remainder when 7669587 is divided by 2556431?
294
Calculate the remainder when 1963242 is divided by 839.
821
Calculate the remainder when 1606756 is divided by 1606604.
152
What is the remainder when 7440637 is divided by 320?
317
What is the remainder when 17652 is divided by 932?
876
What is the remainder when 19738 is divided by 6313?
799
What is the remainder when 260115 is divided by 6374?
5155
What is the remainder when 1549467 is divided by 106?
65
What is the remainder when 349773